{"id":189,"date":"2020-11-09T13:42:58","date_gmt":"2020-11-09T12:42:58","guid":{"rendered":"https:\/\/animavital.com\/?post_type=product&#038;p=189"},"modified":"2021-02-15T14:11:11","modified_gmt":"2021-02-15T13:11:11","slug":"bronarome","status":"publish","type":"product","link":"https:\/\/animavital.com\/?product=bronarome","title":{"rendered":"Bronarome 1L"},"content":{"rendered":"<p>1 koffielepel (5ml) tot een halve eetlepel (7,5 ml) per 100 kg, twee maal per dag (bv. volwassen paard = 1 \u00e0 2 eetlepels, 2 maal per dag)<\/p>\n","protected":false},"excerpt":{"rendered":"<p><em>Verhoogt de weerstand en helpt vrijer te ademen<\/em><\/p>\n<p>BRONAROME-siroop van ANIMAVITAL bevat een uitgekiende combinatie van <strong>essenti\u00eble oli\u00ebn <\/strong>voor een optimale verzorging van de luchtwegen bij paarden in koude en vochtige periodes. Met <strong>Oregano <\/strong>(Oreganum vulgare) en <strong>Kaneelschors<\/strong> (Cinnamomum verum) bevat BRONAROME twee essenti\u00eble oli\u00ebn die het weerstandsvermogen versterken. Hun werking wordt afgerond door de <strong>essenti\u00eble olie van Niaouli <\/strong>(Melaleuca viridiflora) en<strong> Eucalyptus smithii<\/strong>, die helpen vrijer te ademen en de prikkel in de keel verzachten.<\/p>\n<p>inhoud: 1 l<\/p>\n","protected":false},"featured_media":190,"template":"","meta":[],"product_brand":[],"product_cat":[19],"product_tag":[],"class_list":{"0":"post-189","1":"product","2":"type-product","3":"status-publish","4":"has-post-thumbnail","6":"product_cat-paarden","8":"first","9":"instock","10":"taxable","11":"shipping-taxable","12":"purchasable","13":"product-type-simple"},"_links":{"self":[{"href":"https:\/\/animavital.com\/index.php?rest_route=\/wp\/v2\/product\/189","targetHints":{"allow":["GET"]}}],"collection":[{"href":"https:\/\/animavital.com\/index.php?rest_route=\/wp\/v2\/product"}],"about":[{"href":"https:\/\/animavital.com\/index.php?rest_route=\/wp\/v2\/types\/product"}],"wp:featuredmedia":[{"embeddable":true,"href":"https:\/\/animavital.com\/index.php?rest_route=\/wp\/v2\/media\/190"}],"wp:attachment":[{"href":"https:\/\/animavital.com\/index.php?rest_route=%2Fwp%2Fv2%2Fmedia&parent=189"}],"wp:term":[{"taxonomy":"product_brand","embeddable":true,"href":"https:\/\/animavital.com\/index.php?rest_route=%2Fwp%2Fv2%2Fproduct_brand&post=189"},{"taxonomy":"product_cat","embeddable":true,"href":"https:\/\/animavital.com\/index.php?rest_route=%2Fwp%2Fv2%2Fproduct_cat&post=189"},{"taxonomy":"product_tag","embeddable":true,"href":"https:\/\/animavital.com\/index.php?rest_route=%2Fwp%2Fv2%2Fproduct_tag&post=189"}],"curies":[{"name":"wp","href":"https:\/\/api.w.org\/{rel}","templated":true}]}}